
{"id":117,"date":"2019-05-11T14:32:23","date_gmt":"2019-05-11T12:32:23","guid":{"rendered":"http:\/\/www.ff-kirchberg-am-wechsel.at\/wordpress\/?page_id=117"},"modified":"2019-09-30T21:51:52","modified_gmt":"2019-09-30T19:51:52","slug":"links","status":"publish","type":"page","link":"http:\/\/www.ff-kirchberg-am-wechsel.at\/wordpress\/?page_id=117","title":{"rendered":"Links"},"content":{"rendered":"\t\t<div data-elementor-type=\"wp-page\" data-elementor-id=\"117\" class=\"elementor elementor-117\">\n\t\t\t\t\t\t<section class=\"elementor-section elementor-top-section elementor-element elementor-element-1bcbaf6 elementor-section-boxed elementor-section-height-default elementor-section-height-default\" data-id=\"1bcbaf6\" data-element_type=\"section\">\n\t\t\t\t\t\t<div class=\"elementor-container elementor-column-gap-default\">\n\t\t\t\t\t<div class=\"elementor-column elementor-col-100 elementor-top-column elementor-element elementor-element-3795da6\" data-id=\"3795da6\" data-element_type=\"column\">\n\t\t\t<div class=\"elementor-widget-wrap elementor-element-populated\">\n\t\t\t\t\t\t<div class=\"elementor-element elementor-element-3ba11e2 elementor-widget elementor-widget-text-editor\" data-id=\"3ba11e2\" data-element_type=\"widget\" data-widget_type=\"text-editor.default\">\n\t\t\t\t<div class=\"elementor-widget-container\">\n\t\t\t\t\t\t\t<a style=\"color: #707070;\" href=\"https:\/\/www.afkdo-aspang.at\/\">Abschnittsfeuerwehrkommando Aspang<\/a><br><br>\n\n<span style=\"font-family: Rubik;\"><a style=\"color: #707070;\" href=\"https:\/\/www.bfkdo-neunkirchen.at\/\">Bezirksfeuerwehrkommando Neunkirchen<\/a><\/span><br><br>\n\n<span style=\"font-family: Rubik; color: #707070;\"><a style=\"color: #707070;\" href=\"https:\/\/www.noe122.at\/\">N\u00d6 Landesfeuerwehrverband<\/a><\/span><br><br>\n\n<span style=\"font-family: Rubik; color: #707070;\"><a style=\"color: #707070;\" href=\"http:\/\/www.noefsz.at\/\">N\u00d6 Feuerwehr- und Sicherheitszentrale<\/a><\/span><br><br><br>\n\n\n<span style=\"color: #b33534; font-family: Rubik;\">Eins\u00e4tze im Bezirk:<\/span><br><br>\n\n<span style=\"font-family: Rubik; color: #707070;\"><a style=\"color: #707070;\" href=\"https:\/\/www.einsatzdoku.at\/\">Einsatzdoku<\/a><\/span><br><br><br>\n\n\n<span style=\"color: #b33534; font-family: Rubik;\">Gemeinde:<\/span><br><br>\n\n<span style=\"font-family: Rubik; color: #707070;\"><a style=\"color: #707070;\" href=\"http:\/\/www.kirchberg-am-wechsel.at\/\">\n\nMarktgemeinde Kirchberg am Wechsel<\/a><\/span><br><br><br>\n\n\n<span style=\"color: #b33534; font-family: Rubik;\">Weitere Feuerwehren:<\/span><br><br>\n\n<span style=\"font-family: Rubik; color: #707070;\"><a style=\"color: #707070;\" href=\"https:\/\/fffeistritz.jimdo.com\/\">FF Feistritz am Wechsel<\/a><\/span><br><br>\n\n<span style=\"font-family: Rubik; color: #707070;\"><a style=\"color: #707070;\" href=\"http:\/\/www.ff-stcorona.at\/\">FF St. Corona am Wechsel<\/a><\/span><br><br>\n\n<span style=\"font-family: Rubik; color: #707070;\"><a style=\"color: #707070;\" href=\"http:\/\/www.ff-otterthal.at\/\">FF Otterthal<\/a><\/span><br><br>\n\n<span style=\"font-family: Rubik; color: #707070;\"><a style=\"color: #707070;\" href=\"http:\/\/www.ff-trattenbach.com\/joomla\/\">FF Trattenbach<\/a><\/span><br><br>\n\n<span style=\"font-family: Rubik; color: #707070;\"><a style=\"color: #707070;\" href=\"http:\/\/www.ff-raach.at\/\">FF Raach<\/a><\/span><br><br>\n\n<span style=\"font-family: Rubik; color: #707070;\"><a style=\"color: #707070;\" href=\"http:\/\/www.ff-penk-altendorf.at\/\">FF Penk-Altendorf<\/a><\/span><br><br>\n\n<span style=\"font-family: Rubik; color: #707070;\"><a style=\"color: #707070;\" href=\"http:\/\/ffmariensee.at\/\">FF Mariensee<\/a><\/span><br><br>\n\n<span style=\"font-family: Rubik; color: #707070;\"><a style=\"color: #707070;\" href=\"http:\/\/www.ff-zoebern.at\/\">FF Z\u00f6bern<\/a><\/span><br><br>\n\n<span style=\"font-family: Rubik; color: #707070;\"><a style=\"color: #707070;\" href=\"https:\/\/www.ffedlitz.at\/\">FF Edlitz<\/a><\/span><br><br>\n\n<span style=\"font-family: Rubik; color: #707070;\"><a style=\"color: #707070;\" href=\"https:\/\/ff-grimmenstein-kirchau.at\/\">FF Grimmenstein-Kirchau<\/a><br><br>\n\n<\/span>\n\n<span style=\"font-family: Rubik; color: #707070;\"><a style=\"color: #707070;\" href=\"https:\/\/www.ff-koenigsberg.at\/\">FF K\u00f6nigsberg<\/a><\/span><br><br><br>\n\n\n<span style=\"color: #b33534; font-family: Rubik;\">Unsere Partnerfeuerwehr:<\/span><br><br>\n\n<span style=\"font-family: Rubik; color: #707070;\"><a style=\"color: #707070;\" href=\"http:\/\/www.ffw-gebelkofen.de\/\">FFW Gebelkofen<\/a><\/span>\t\t\t\t\t\t<\/div>\n\t\t\t\t<\/div>\n\t\t\t\t\t<\/div>\n\t\t<\/div>\n\t\t\t\t\t<\/div>\n\t\t<\/section>\n\t\t\t\t<\/div>\n\t\t","protected":false},"excerpt":{"rendered":"<p>Abschnittsfeuerwehrkommando Aspang Bezirksfeuerwehrkommando Neunkirchen N\u00d6 Landesfeuerwehrverband N\u00d6 Feuerwehr- und Sicherheitszentrale Eins\u00e4tze im Bezirk: Einsatzdoku Gemeinde: Marktgemeinde Kirchberg am Wechsel Weitere Feuerwehren: FF Feistritz am Wechsel FF St. Corona am Wechsel FF Otterthal FF Trattenbach FF Raach FF Penk-Altendorf FF Mariensee&#8230; <a class=\"more-link\" href=\"http:\/\/www.ff-kirchberg-am-wechsel.at\/wordpress\/?page_id=117\">Weiterlesen &rarr;<\/a><\/p>\n","protected":false},"author":1,"featured_media":0,"parent":0,"menu_order":0,"comment_status":"closed","ping_status":"closed","template":"","meta":[],"_links":{"self":[{"href":"http:\/\/www.ff-kirchberg-am-wechsel.at\/wordpress\/index.php?rest_route=\/wp\/v2\/pages\/117"}],"collection":[{"href":"http:\/\/www.ff-kirchberg-am-wechsel.at\/wordpress\/index.php?rest_route=\/wp\/v2\/pages"}],"about":[{"href":"http:\/\/www.ff-kirchberg-am-wechsel.at\/wordpress\/index.php?rest_route=\/wp\/v2\/types\/page"}],"author":[{"embeddable":true,"href":"http:\/\/www.ff-kirchberg-am-wechsel.at\/wordpress\/index.php?rest_route=\/wp\/v2\/users\/1"}],"replies":[{"embeddable":true,"href":"http:\/\/www.ff-kirchberg-am-wechsel.at\/wordpress\/index.php?rest_route=%2Fwp%2Fv2%2Fcomments&post=117"}],"version-history":[{"count":11,"href":"http:\/\/www.ff-kirchberg-am-wechsel.at\/wordpress\/index.php?rest_route=\/wp\/v2\/pages\/117\/revisions"}],"predecessor-version":[{"id":2094,"href":"http:\/\/www.ff-kirchberg-am-wechsel.at\/wordpress\/index.php?rest_route=\/wp\/v2\/pages\/117\/revisions\/2094"}],"wp:attachment":[{"href":"http:\/\/www.ff-kirchberg-am-wechsel.at\/wordpress\/index.php?rest_route=%2Fwp%2Fv2%2Fmedia&parent=117"}],"curies":[{"name":"wp","href":"https:\/\/api.w.org\/{rel}","templated":true}]}}